). Give h(g).
-2
Let d(w) = -3*w**2 + 11*w + 16. Let y(i) = 2*i**2 + i. Let j(x) = -d(x) - 2*y(x). Calculate j(-12).
-4
Let k(p) = p**2 + p - 1. Let b be 124/(-8) + 1/2. Let l = b - -14. Determine k(l).
-1
Let j(h) = -15*h - 10 + 22*h - 9*h. What is j(-7)?
4
Suppose 2*a = -q + 19, 4*q - 2*a - 14 - 52 = 0. Suppose 2*k + 1 + 12 = t, t = 3*k + q. Let s(r) = -r**3 + 4*r**2 + 3*r - 1. Calculate s(t).
-11
Let f(c) = 2*c + 6*c - 2*c - c - 1. Suppose -2*n - 14 = 5*k, -5*k - 31 = -5*n - k. Give f(n).
14
Let i(l) = l**3 + 3*l**2 + 4*l. Let w = 0 + 4. Suppose w*f - 4 = -4*t, 27 = -4*t - t + 3*f. Give i(t).
-12
Suppose -4 = -4*x + 8. Let w(a) be the third derivative of -2/3*a**x - 5/24*a**4 + 0 - 2*a**2 + 0*a - 1/60*a**5. Give w(-3).
2
Let p(w) = -w**2 + 6*w + 2. Suppose 5*o = -0*o. Let u be 26*(1 - o) + -1. Suppose -u = -4*d - d. Calculate p(d).
7
Let m(x) be the first derivative of x**3 + x**2 - x + 2. Let t(n) = -n**2 - 3*n + 1. Let d be t(-3). Calculate m(d).
4
Let s(v) = -v + 8. Let w(b) = -b**2 + 3*b - 3. Let h be w(3). Let c = h - -3. Calculate s(c).
8
Suppose 5*r + 4 = 19. Let d(n) = -3*n + 9. Let o(q) = -1. Let m(b) = -d(b) - 6*o(b). Calculate m(r).
6
Let t be -1*(2 - (-2 - -9)). Let y(g) = -4*g + 5*g + g**2 - 2*g**2 + 3*g + 7. Let w be y(t). Let f(n) = 2*n**2 - n + 1. Calculate f(w).
7
Let k(n) = -6*n + 15. Let g(z) = -z + 1. Let m(t) = -5*g(t) + k(t). Determine m(5).
5
Let u(m) = 12*m**2 - 1. Let v be u(-1). Let x = v - 8. Let w(o) = -o**3 + o**2 + 3*o + 3. Calculate w(x).
-6
Suppose -w + 5*p + 23 = -2*w, -5*w + 3*p = -25. Let b(k) = 0*k**w - 3*k**2 + 2 + k**2 + k + k**3. Determine b(2).
4
Suppose 0 = -3*o + 11 + 1. Suppose -w = w + 3*p, -2*p - 8 = o*w. Let n(c) = c - 1. Determine n(w).
-4
Let n(i) = -i**3 - 3*i**2 - i - 1. Let w(u) = 4*u**2 - 1. Let x be w(1). Suppose -3*g = -2*g + x. Determine n(g).
2
Let t(x) be the third derivative of -1/3*x**3 + 1/24*x**4 - 1/60*x**5 - 1/120*x**6 + 0 + 0*x - 2*x**2. Calculate t(0).
-2
Let w be 90/(-25)*5/2. Let c(j) = j**3 + 10*j**2 + 11*j + 8. What is c(w)?
-10
Let s(g) = 2*g + 3. Let o(v) = -v**2 - 17*v - 21. Let m be o(-16). Give s(m).
-7
Let z(d) = d - 3. Let x = 1 + -20. Let w = -14 - x. Calculate z(w).
2
Let o(k) = k + 1. Let t be o(0). Suppose 19 = 3*l + t. Let g(i) = 4*i - l*i**2 + 7*i**2 - 2*i + 1. Give g(-2).
1
Let u(j) be the first derivative of j**4/4 - j**3/3 - j**2/2 + 9*j + 2. Let a(l) = -9*l - 27. Let k be a(-3). What is u(k)?
9
Let l(m) = -2*m + 3*m + 2*m + 2 - 4*m. Give l(8).
-6
Suppose -2*h - 65 - 5 = -4*d, 0 = d - 4*h - 14. Suppose 0 = -5*a - d + 3. Let m(u) = -u. Calculate m(a).
3
Let u(n) = 6*n - 3. Let g(f) = 7*f - 4. Let a(c) = 4*g(c) - 6*u(c). Give a(2).
-14
Let q(r) = -r**3 - r**2 + r + 1. Let s(h) = 7*h**3 - 13*h + 1. Let v(z) = 6*q(z) + s(z). What is v(7)?
7
Suppose -2*f + 1 = -q, 6*q + 16 = 5*q - 3*f. Let h(s) = -2*s + 7. Determine h(q).
21
Let p(u) = u**2 + 6*u - 6. Suppose 44 = -5*v + 19. Determine p(v).
-11
Let k(x) = -2*x - 2. Suppose 0*v + 11*v = -44. Determine k(v).
6
Let q(l) = 5*l**3 - l - 4 - 6*l**3 + 4*l**2 + 8*l. Suppose 5*z - 25 = -0*z - 4*r, -20 = -4*z + r. Calculate q(z).
6
Let p(y) be the first derivative of -8*y - 1/2*y**2 - 2. Suppose 0 = 3*o - 7 + 19. What is p(o)?
-4
Let p(o) = o**3 - 5*o**2 - 5*o + 2. Let g be 6/(-9)*(-18)/2. What is p(g)?
8
Suppose -j = -8 + 5. Let y be (2 - (j - -1)) + 0. Let g(t) = -3*t**2 + 2*t + 2. Calculate g(y).
-14
Let d(o) = -o + 2. Let i be 9/12*(-3 - -7). Let z(b) = -b + 3. Let s(y) = i*d(y) - 4*z(y). Give s(0).
-6
Let z = -1 + 2. Let l(k) = -3*k - z - 8*k + 2*k. Determine l(-1).
8
Let s be -7 - 1*12/(-3). Let t(i) = i - 3. Let x(h) = -4. Let q(o) = s*t(o) + 2*x(o). Give q(1).
-2
Let b(p) = -3*p + 1. Suppose -5*c + 2 + 3 = 2*t, c - 14 = -3*t. Let f(k) = -k + 1. Let g(h) = c*b(h) + 4*f(h). Determine g(6).
-3
Let h(k) be the third derivative of k**4/24 + k**2. Let a be (12/(-20) - 8/20) + 3. Calculate h(a).
2
Let s(b) = -2*b**3 - 3*b**2 - 15*b - 9. Let y(j) = j**3 + 2*j**2 + 8*j + 5. Let l(g) = 6*s(g) + 11*y(g). Let r be 5 + (-102)/18 - (-28)/6. Determine l(r).
-7
Let k(z) be the first derivative of 2*z**2 - 2. Let y be (-1 - -4)*(-1)/1. Let o = 2 + y. Calculate k(o).
-4
Let f(m) be the second derivative of -m**5/20 + m**4/12 + m**3/6 - 2*m**2 + 3*m. What is f(0)?
-4
Let j(p) be the first derivative of p**4/4 + 4*p**3/3 - p**2 + p - 9. Determine j(-5).
-14
Let u(l) = -5*l + 25. Let x be u(6). Let d(p) = p**3 + 5*p**2 + 6. Calculate d(x).
6
Let y(i) = -i**2 - 2*i + 4. Let f(t) = -t**3 + 4*t**2 + 7*t - 2. Let a be f(5). Let c = a - 6. Let p be 0 - c/1*2. Determine y(p).
-4
Suppose 4*a + 2*p = 6, a + a - 3*p = -9. Suppose -5*k - 15 = -a*o + 5*o, 13 = -5*k - 4*o. Let t(g) = g**2 + 2 - 3*g**3 + g + 3 - 4. Calculate t(k).
4
Let w(o) = -1. Let r(u) = -6*u + 5. Let n(y) = -r(y) - 4*w(y). Let z = -1 - 0. Calculate n(z).
-7
Let v(g) be the second derivative of -g**5/20 + 5*g**4/12 + 7*g**3/6 - 4*g**2 - 2*g. Calculate v(6).
-2
Let y(l) be the third derivative of l**8/6720 - l**7/504 + l**6/180 + l**5/120 + l**4/24 + 3*l**2. Let b(k) be the second derivative of y(k). Calculate b(4).
1
Let n(o) = 2*o - 6. Suppose -3*j + 4*r + 84 = j, -2*j - 5*r + 35 = 0. Let w = j - 7. Suppose -2*y - 4*t = -26, -w = -5*y - 2*t + 5*t. Give n(y).
4
Let j be (-2)/(-8) - 62/(-8). Suppose -z = -0 - j. Let k(y) = z - 8 - y. Determine k(3).
-3
Let z(m) = 2*m + 1. Let u = -42 + 40. Calculate z(u).
-3
Let c = -27 - -29. Let x(d) = -2*d - 2*d + 0 - d**c + 1. Suppose -2*m + 0 = 4. Give x(m).
5
Let f = 8 + -5. Let w(t) = 6*t**2 + 5*t + 2*t**f + 2 - t**3 + 1. Calculate w(-5).
3
Let u(g) = -g**3 - 9*g**2 + 12*g + 15. Let m be u(-10). Let k be 3 + (-2)/(-2) + -2. Let a(s) = -5 - 6*s - 3*s**k + 2*s**2 - 2. Determine a(m).
-2
Suppose 2*u + 3 = w - 1, 3*u = -5*w + 20. Suppose 0 = 4*g - u*g - 12. Let z(d) = -4 + 3*d + 0*d**2 + 2 - d**2. What is z(g)?
-2
Let u be (-26)/(-10) - 2/(-5). Let m = -35 - -37. Let j(d) = d**m + d**u - 1 + 3*d + 0*d**3 - 3*d**2. Calculate j(2).
5
Let w(c) = -2*c**3 + 4*c**2 + c. Suppose 11 = 4*j - 1. Give w(j).
-15
Let b be (-1 + 16)/(-8 - -9). Suppose s + 3 = 3*q, -5*s - 10 - b = -5*q. Let z(m) = m**3 + 7*m**2 + 6*m + 2. What is z(s)?
2
Suppose 2*d = 4*d - 10. Suppose d*q - 5 = -a, -5*a - 23 = -2*q + 6. Let i(n) = 5*n - 2*n**3 - 5*n**2 + 7 + n**3 - 3*n. What is i(a)?
-3
Let h(b) = 4 - 1 + 2*b + 0 - 3*b. Give h(7).
-4
Let s(v) = v**2 + 4*v + 3. Let f be s(-4). Suppose 5*p + 37 = 3*y + 6, 0 = 5*y - 5*p - 45. Let m(a) = y + 2*a + a - 5*a + a. Give m(f).
4
Let s = -9 + 5. Let l = s - -8. Let b(v) = -v - l + v + 3*v + 1 + v**2. Give b(-3).
-3
Suppose -4*c - c - 2*k = -20, -5*k + 23 = -c. Let s(t) = -t**3 - 4*t - 2 + 2 + t**c + 2*t**2 + 2. Determine s(2).
-2
Let b be 1/(3/15 - 0). Let t(s) = 3*s**2 - 15*s - 19. Let m(f) = 2*f**2 - 10*f - 13. Let w(p) = b*t(p) - 8*m(p). Determine w(7).
-5
Let k(o) = o - 4. Suppose 10*v - 90 = v. Give k(v).
6
Let h(n) be the first derivative of -2/3*n**3 + n - 1 + n**2. Give h(2).
-3
Let b(q) be the third derivative of q**5/60 + q**4/8 - q**3 - 3*q**2. Let h = 4 - 0. Let v(x) = x**2 - 6*x + 3. Let t be v(h). Calculate b(t).
4
Let r(u) = -u + 3. Suppose 0 = -4*k - k + 35. Calculate r(k).
-4
Let o(a) = a + 8. Let k(y) = y + 1. Let b(f) = 5*k(f) - o(f). Calculate b(-3).
-15
Let k(z) be the third derivative of z**5/60 + 11*z**2. Let n(d) = d**2 - 9*d - 1. Suppose 10 = 2*a - 8. Let o be n(a). What is k(o)?
1
Let o(w) = -92 - w + 95 + 4*w - 4*w. Calculate o(-7).
10
Let m(h) = -h**3 - 4*h**2 - 3*h + 6. Let b(c) = -5*c**3 - 17*c**2 - 11*c + 25. Let j(w) = -2*b(w) + 9*m(w). Determine j(3).
-2
Let i(y) = y**2 - 6*y - 9. Let f = 61 - 54. Give i(f).
-2
Let q(n) be the third derivative of -n**6/120 - n**5/10 - 5*n**4/24 + 2*n**3/3 + 4*n**2. Let r = 38 + -26. Let g be (-45)/r - 2/8. What is q(g)?
-8
Let r be 0*(-2)/(-4)*1. Suppose 5*x - 5*s = r, 5*s - 2*s = 2*x + 4. Suppose 5 = 5*k, 4*u + x*k - 9 = 5*u. Let j(c) = -c**3 - 5*c**2 - 2*c - 5. Calculate j(u).
5
Let w(x) = -x + 1. Suppose 5*q = 4 + 6, 4*h - q + 2 = 0. Give w(h).
1
Suppose 0 = 4*r + 2*n - 94, -n = -0*n + 3. Suppose 0*h = 4*x - h + 8, 5*x - 5*h = -r. Let m(p) = -8*p**2 + 2*p + 1. Calculate m(x).
-9
Let h(f) = f**2 + 7*f + 1. Suppose -p + 3 = -5*v, 4 - 5 = p - 3*v. Calculate h(p)